 and j?
11
Suppose 5*d = o - 1475, 42*d = o + 44*d - 1517. Calculate the highest common divisor of 86 and o.
43
Suppose -20*k + 337 = -19*k - 3*h, 2*k - 684 = -4*h. Calculate the highest common factor of 260 and k.
20
Let a be (70/(-2) + 2)*(-30)/10. Let g(h) = -10*h**3 + 3*h**2 + h - 1. Let y be g(-1). Calculate the highest common divisor of y and a.
11
Let h(y) = -65 + 471*y - 7*y**2 + y**3 - 494*y + 93. Let r be h(10). What is the highest common factor of r and 49?
49
Suppose -4*y - y + 120 = 0. Let o(h) = 5*h**2 + 893*h - 5346. Let x be o(6). Calculate the highest common factor of y and x.
24
Let f be 2/(-16) - (-1335)/120. Let n(l) = -2*l**3 + 24*l**2 - 7*l - 10. Let m be n(f). Calculate the greatest common factor of m and 62.
31
Suppose 164 - 104 = 3*n. Calculate the highest common divisor of 485 and n.
5
Let b be ((-8)/36)/((-2)/18). Let r be 150/40 - (-3)/12. Calculate the highest common factor of r and b.
2
Let x = 4 - 1. Let h(y) = 4*y**2 + 40*y + 21. Let i be h(-11). Let p be 24/(-10)*i/(-26) - 4. What is the highest common factor of x and p?
1
Suppose -27*b + 1654 = -236. What is the highest common divisor of 1440 and b?
10
Suppose -4*t + t + 4*p - 18 = 0, 3*p - 13 = 2*t. Let v be ((-204)/(-10))/(t/(-10)). Let m be (-45)/(-5) - 2 - 1. What is the highest common divisor of v and m?
6
Let k = -15501 + 16147. Calculate the highest common divisor of k and 918.
34
Suppose -b - 1 = 0, 0*d + 4*b = -4*d + 28. Suppose -125 + d = -l. Calculate the highest common factor of l and 27.
9
Suppose 133*h - 56 = 129*h. Suppose -h = -4*w + 86. Let l(s) = 12*s**2 + 3*s - 5. Let n be l(-4). Calculate the highest common factor of w and n.
25
Let g be 15/10*(-4)/(-3) - -3. Suppose -4*o + 3*x = -39, 3*o - 21 = -g*x + 1. Calculate the highest common divisor of 117 and o.
9
Let c = -59 + 70. Suppose c*a - 567 = 401. Suppose -4*q - q = f - a, 0 = 3*q - 15. Calculate the highest common factor of f and 27.
9
Let m(v) = 77*v + 747. Let h be m(13). What is the greatest common divisor of h and 228?
76
Let h be 5*4/2*(-1794)/(-69). Let t(f) = -61*f - 1. Let k be t(-1). Calculate the greatest common divisor of h and k.
20
Let z = -63 - -128. Suppose 0 = -12*w + 71 + 397. Calculate the greatest common divisor of z and w.
13
Let a(v) = 7*v + 35. Let l be a(-8). Let g be (-56 + 7)*6/l. Calculate the greatest common divisor of g and 119.
7
Let c(j) = 6*j**2 + 2*j - 2. Let k = -25 + 26. Let d be c(k). Suppose 3*r = 5*r + 5*q - 94, -5*q = 3*r - 136. Calculate the greatest common factor of r and d.
6
Suppose 11*y = 6*y + 80. Suppose 2*p = -y + 156. What is the greatest common factor of 42 and p?
14
Suppose 42 = -4*i - 2. Let a = 5 + i. Let c(b) = -6*b - 17. Let p be c(a). What is the greatest common factor of p and 95?
19
Suppose -3*x = -18, 98*m - 4*x = 99*m - 4146. Calculate the highest common factor of 36 and m.
18
Let v(q) = -q**3 + 17*q**2 - 10*q - 232. Let i be v(15). Let g be (-2 + 4)/((-1)/(-4)). Calculate the highest common divisor of g and i.
4
Let a(v) = 2*v**2 - 5*v + 4. Let f be a(2). Suppose 13 = f*u + c - 8, -u - 17 = -5*c. What is the highest common factor of 24 and u?
8
Let j = 1380 + -1986. Let s = -600 - j. Calculate the highest common factor of 2 and s.
2
Let s = -130 + 295. Calculate the greatest common divisor of 45 and s.
15
Let y(p) = 36*p + 18 + 32*p - 69*p. Let i be y(16). Suppose -16 = -i*g - 3*j + 13, 4*j - 2 = g. Calculate the highest common factor of g and 10.
10
Let n(s) = -s**2 - 28*s + 4*s - 9*s - 11*s - 358. Let x be n(-13). Suppose 84 = 4*p + 12. Calculate the highest common factor of p and x.
9
Let b = -11 - -54. Let i = 587 + -351. Let f = -193 + i. What is the highest common factor of b and f?
43
Let h(r) = r**3 + 11*r**2 + 20*r - 11. Let x be h(-7). Let q(z) = -9*z + 63. Let t be q(6). Calculate the highest common divisor of x and t.
9
Suppose 0 = 62*z - 1371 - 2597. Calculate the greatest common factor of 3296 and z.
32
Let u be 12/(10 + -4) + 45. Suppose 3*z = -w + u, -2*w + 80 = 5*z - 0*w. What is the highest common divisor of z and 56?
14
Let b = 3155 - 1912. What is the highest common divisor of b and 22?
11
Suppose 21*d + 27*d - 28413 = 7*d. Let h = 693 + -495. Calculate the highest common factor of h and d.
99
Suppose -23*r + 2*t = -22*r - 101, 2*r - 206 = 2*t. What is the highest common factor of 8 and r?
1
Let w be (2 + 48)*(-1)/2. Let x(r) = -r**3 - 26*r**2 - 28*r - 39. Let p be x(w). What is the greatest common divisor of p and 243?
9
Let d = -171 + 198. Let i(z) = -z**3 - 7*z**2 - 4*z - 19. Let s be i(-7). What is the highest common factor of d and s?
9
Let w(f) = -343*f - 151. Let n be w(-12). Calculate the greatest common divisor of n and 65.
65
Let u(i) = -4*i**2 + 38*i + 16. Let z = 89 + -83. Let g be u(z). Calculate the highest common factor of g and 20.
20
Let c be (-22)/2 - (23 - 74). Let l(k) = -4*k + 8 + 0*k**3 + 5*k - k**3. Let m be l(0). Calculate the greatest common factor of c and m.
8
Suppose -y = u - 4*u + 160, -5*u = -4*y - 262. Let n(j) = 125 - j**2 - 68 - 38 + 12*j. Let z be n(13). What is the highest common factor of u and z?
6
Suppose -i - 2*i = -213. Let a = 161 - i. Let l be -4 + 5 + (11 - -6). Calculate the highest common factor of a and l.
18
Let d(o) be the second derivative of o**5/20 - 3*o**4/2 - 13*o**3/2 - 17*o**2/2 + 9*o. Let f be d(20). What is the highest common factor of 12 and f?
3
Let y be ((-64)/(-6))/(-4 - (-19570)/4890). What is the greatest common factor of 32 and y?
32
Let y(j) = j**3 + 59*j**2 - 57*j + 225. Let w be y(-60). Let g = 1197 - 612. Calculate the highest common divisor of w and g.
45
Let y(x) = 3*x**2 - 3*x - 3. Let g be y(-1). Let d(o) = 82*o - 3. Let m be d(g). Calculate the highest common divisor of m and 27.
27
Suppose -2*b + 7*b = 13*b - 4424. Calculate the greatest common divisor of b and 49.
7
Suppose 15*a - 392 = 793. Let d = 231 - a. What is the greatest common factor of 57 and d?
19
Let u be 12/(-3) - (-30)/5. Let y be ((-30)/(-12)*-2)/(u - 1). Let d(q) = q**2 + 3*q - 7. Let z be d(y). What is the highest common factor of 4 and z?
1
Let f(x) = -104*x - 8 - 103*x + 202*x. Let d be f(2). Let o be 0 + d/(-2) - 2. What is the highest common divisor of o and 56?
7
Let f = -30891 - -33291. What is the greatest common divisor of 512 and f?
32
Let q = 8030 + -6158. What is the highest common factor of 288 and q?
144
Let k = 508 - 507. Suppose 2*g - i = 3*i + 14, -g - 3 = 3*i. Let h be ((-98)/(-42))/(k/g). What is the highest common divisor of h and 63?
7
Let f(z) = 78*z + 34. Let w be f(5). Let v = w + -281. Calculate the greatest common divisor of 13 and v.
13
Let d(q) = 3*q**2 - 5*q - 2. Let g be d(5). Suppose 13*w - 16*w + 1088 = -u, 5*w - 1814 = u. Let k = 375 - w. Calculate the greatest common factor of k and g.
12
Suppose 21*t = 203*t - 359996. What is the highest common divisor of 430 and t?
86
Let d = -680 + 684. Suppose -d*v + 2*p = -171 - 121, -v = 4*p - 64. What is the greatest common divisor of 16 and v?
8
Suppose 68*w + 28086 = 43212 + 60422. Calculate the greatest common divisor of 407 and w.
11
Let i be -1*1 + 2/2. Let l be (-378)/(-2) + i - 0. Let y(d) = 2422*d - 58101. Let p be y(24). Calculate the greatest common factor of l and p.
27
Let z be (12/(-3) + 298)/(2 - 3). Let p = 354 + z. Calculate the highest common factor of 24 and p.
12
Suppose -27*n = -11*n - 160. Suppose 14*g = 3712 - 1332. Calculate the greatest common factor of n and g.
10
Let t = 118 - 70. Suppose 22*i - 154 = 33*i. Let g = 26 + i. Calculate the greatest common divisor of t and g.
12
Let v(m) = -m**2 + 17*m + 5. Let c be v(17). Suppose 4*h - c*l - 273 = 0, h - 7*l + 11*l - 84 = 0. Calculate the greatest common divisor of 16 and h.
8
Suppose 65*b = 22*b + 6966. Calculate the greatest common factor of b and 2025.
81
Suppose 22 = 3*f - v, 0 = -f - v + 3*v + 14. Suppose -f*n - 9*n = -900. Calculate the highest common factor of 165 and n.
15
Let w(o) = 2*o**2 - 8*o + 6. Let t be w(5). Suppose z + 6 = -z. Let a be z + (1 - 1) + 7. Calculate the greatest common divisor of a and t.
4
Let k = -557 + 476. Let q = k + 90. Suppose 3*b - 318 = -21. Calculate the greatest common divisor of b and q.
9
Let l(g) = 32*g**3 + 3*g**2 - g. Let j be 2/((-4)/4)*1 - -68. Let y = j - 65. Let u be l(y